{"id":280,"date":"2021-12-12T22:49:49","date_gmt":"2021-12-12T21:49:49","guid":{"rendered":"https:\/\/lecoledautrefois.net\/wordpress\/?page_id=280"},"modified":"2026-01-15T15:33:53","modified_gmt":"2026-01-15T14:33:53","slug":"dates-douverture-du-musee-pour-2022","status":"publish","type":"page","link":"https:\/\/lecoledautrefois.net\/wordpress\/dates-douverture-du-musee-pour-2022\/","title":{"rendered":"Dates d&rsquo;ouverture du mus\u00e9e pour 2026"},"content":{"rendered":"\n<p class=\"has-text-align-center wp-block-paragraph\"><\/p>\n\n\n\n<p class=\"has-text-align-center has-large-font-size wp-block-paragraph\"><strong>3 Mai 2026<\/strong><\/p>\n\n\n\n<p class=\"has-text-align-center has-large-font-size wp-block-paragraph\"><strong>7 Juin 2026<\/strong><\/p>\n\n\n\n<p class=\"has-text-align-center has-large-font-size wp-block-paragraph\"><strong>5 et 19 Juillet 2026<\/strong><\/p>\n\n\n\n<p class=\"has-text-align-center has-large-font-size wp-block-paragraph\"><strong>2 et 16 Ao\u00fbt 2026<\/strong><\/p>\n\n\n\n<p class=\"has-text-align-center has-large-font-size wp-block-paragraph\"><strong>6 Septembre 2026<\/strong><\/p>\n\n\n\n<p class=\"has-text-align-center has-large-font-size wp-block-paragraph\"><strong>4 Octobre 2026<\/strong><\/p>\n","protected":false},"excerpt":{"rendered":"<p>3 Mai 2026 7 Juin 2026 5 et 19 Juillet 2026 2 et 16 Ao\u00fbt 2026 6 Septembre 2026 4 Octobre 2026<\/p>\n","protected":false},"author":1,"featured_media":0,"parent":0,"menu_order":0,"comment_status":"closed","ping_status":"closed","template":"","meta":{"_crdt_document":"","footnotes":""},"class_list":["post-280","page","type-page","status-publish","hentry","no-post-thumbnail"],"yoast_head":"<!-- This site is optimized with the Yoast SEO plugin v27.5 - https:\/\/yoast.com\/product\/yoast-seo-wordpress\/ -->\n<title>Dates d&#039;ouverture du mus\u00e9e pour 2026 - L&#039;\u00e9cole d&#039;autrefois<\/title>\n<meta name=\"robots\" content=\"index, follow, max-snippet:-1, max-image-preview:large, max-video-preview:-1\" \/>\n<link rel=\"canonical\" href=\"https:\/\/lecoledautrefois.net\/wordpress\/dates-douverture-du-musee-pour-2022\/\" \/>\n<meta property=\"og:locale\" content=\"fr_FR\" \/>\n<meta property=\"og:type\" content=\"article\" \/>\n<meta property=\"og:title\" content=\"Dates d&#039;ouverture du mus\u00e9e pour 2026 - L&#039;\u00e9cole d&#039;autrefois\" \/>\n<meta property=\"og:description\" content=\"3 Mai 2026 7 Juin 2026 5 et 19 Juillet 2026 2 et 16 Ao\u00fbt 2026 6 Septembre 2026 4 Octobre 2026\" \/>\n<meta property=\"og:url\" content=\"https:\/\/lecoledautrefois.net\/wordpress\/dates-douverture-du-musee-pour-2022\/\" \/>\n<meta property=\"og:site_name\" content=\"L&#039;\u00e9cole d&#039;autrefois\" \/>\n<meta property=\"article:modified_time\" content=\"2026-01-15T14:33:53+00:00\" \/>\n<meta name=\"twitter:card\" content=\"summary_large_image\" \/>\n<meta name=\"twitter:label1\" content=\"Dur\u00e9e de lecture estim\u00e9e\" \/>\n\t<meta name=\"twitter:data1\" content=\"1 minute\" \/>\n<script type=\"application\/ld+json\" class=\"yoast-schema-graph\">{\"@context\":\"https:\\\/\\\/schema.org\",\"@graph\":[{\"@type\":\"WebPage\",\"@id\":\"https:\\\/\\\/lecoledautrefois.net\\\/wordpress\\\/dates-douverture-du-musee-pour-2022\\\/\",\"url\":\"https:\\\/\\\/lecoledautrefois.net\\\/wordpress\\\/dates-douverture-du-musee-pour-2022\\\/\",\"name\":\"Dates d'ouverture du mus\u00e9e pour 2026 - L&#039;\u00e9cole d&#039;autrefois\",\"isPartOf\":{\"@id\":\"https:\\\/\\\/lecoledautrefois.net\\\/wordpress\\\/#website\"},\"datePublished\":\"2021-12-12T21:49:49+00:00\",\"dateModified\":\"2026-01-15T14:33:53+00:00\",\"breadcrumb\":{\"@id\":\"https:\\\/\\\/lecoledautrefois.net\\\/wordpress\\\/dates-douverture-du-musee-pour-2022\\\/#breadcrumb\"},\"inLanguage\":\"fr-FR\",\"potentialAction\":[{\"@type\":\"ReadAction\",\"target\":[\"https:\\\/\\\/lecoledautrefois.net\\\/wordpress\\\/dates-douverture-du-musee-pour-2022\\\/\"]}]},{\"@type\":\"BreadcrumbList\",\"@id\":\"https:\\\/\\\/lecoledautrefois.net\\\/wordpress\\\/dates-douverture-du-musee-pour-2022\\\/#breadcrumb\",\"itemListElement\":[{\"@type\":\"ListItem\",\"position\":1,\"name\":\"Accueil\",\"item\":\"https:\\\/\\\/lecoledautrefois.net\\\/wordpress\\\/\"},{\"@type\":\"ListItem\",\"position\":2,\"name\":\"Dates d&rsquo;ouverture du mus\u00e9e pour 2026\"}]},{\"@type\":\"WebSite\",\"@id\":\"https:\\\/\\\/lecoledautrefois.net\\\/wordpress\\\/#website\",\"url\":\"https:\\\/\\\/lecoledautrefois.net\\\/wordpress\\\/\",\"name\":\"L&#039;\u00e9cole d&#039;autrefois\",\"description\":\"Site du mus\u00e9e de L&#039;Ecole d&#039;Autrefois \u00e0 Roches sur Marne\",\"potentialAction\":[{\"@type\":\"SearchAction\",\"target\":{\"@type\":\"EntryPoint\",\"urlTemplate\":\"https:\\\/\\\/lecoledautrefois.net\\\/wordpress\\\/?s={search_term_string}\"},\"query-input\":{\"@type\":\"PropertyValueSpecification\",\"valueRequired\":true,\"valueName\":\"search_term_string\"}}],\"inLanguage\":\"fr-FR\"}]}<\/script>\n<!-- \/ Yoast SEO plugin. -->","yoast_head_json":{"title":"Dates d'ouverture du mus\u00e9e pour 2026 - L&#039;\u00e9cole d&#039;autrefois","robots":{"index":"index","follow":"follow","max-snippet":"max-snippet:-1","max-image-preview":"max-image-preview:large","max-video-preview":"max-video-preview:-1"},"canonical":"https:\/\/lecoledautrefois.net\/wordpress\/dates-douverture-du-musee-pour-2022\/","og_locale":"fr_FR","og_type":"article","og_title":"Dates d'ouverture du mus\u00e9e pour 2026 - L&#039;\u00e9cole d&#039;autrefois","og_description":"3 Mai 2026 7 Juin 2026 5 et 19 Juillet 2026 2 et 16 Ao\u00fbt 2026 6 Septembre 2026 4 Octobre 2026","og_url":"https:\/\/lecoledautrefois.net\/wordpress\/dates-douverture-du-musee-pour-2022\/","og_site_name":"L&#039;\u00e9cole d&#039;autrefois","article_modified_time":"2026-01-15T14:33:53+00:00","twitter_card":"summary_large_image","twitter_misc":{"Dur\u00e9e de lecture estim\u00e9e":"1 minute"},"schema":{"@context":"https:\/\/schema.org","@graph":[{"@type":"WebPage","@id":"https:\/\/lecoledautrefois.net\/wordpress\/dates-douverture-du-musee-pour-2022\/","url":"https:\/\/lecoledautrefois.net\/wordpress\/dates-douverture-du-musee-pour-2022\/","name":"Dates d'ouverture du mus\u00e9e pour 2026 - L&#039;\u00e9cole d&#039;autrefois","isPartOf":{"@id":"https:\/\/lecoledautrefois.net\/wordpress\/#website"},"datePublished":"2021-12-12T21:49:49+00:00","dateModified":"2026-01-15T14:33:53+00:00","breadcrumb":{"@id":"https:\/\/lecoledautrefois.net\/wordpress\/dates-douverture-du-musee-pour-2022\/#breadcrumb"},"inLanguage":"fr-FR","potentialAction":[{"@type":"ReadAction","target":["https:\/\/lecoledautrefois.net\/wordpress\/dates-douverture-du-musee-pour-2022\/"]}]},{"@type":"BreadcrumbList","@id":"https:\/\/lecoledautrefois.net\/wordpress\/dates-douverture-du-musee-pour-2022\/#breadcrumb","itemListElement":[{"@type":"ListItem","position":1,"name":"Accueil","item":"https:\/\/lecoledautrefois.net\/wordpress\/"},{"@type":"ListItem","position":2,"name":"Dates d&rsquo;ouverture du mus\u00e9e pour 2026"}]},{"@type":"WebSite","@id":"https:\/\/lecoledautrefois.net\/wordpress\/#website","url":"https:\/\/lecoledautrefois.net\/wordpress\/","name":"L&#039;\u00e9cole d&#039;autrefois","description":"Site du mus\u00e9e de L&#039;Ecole d&#039;Autrefois \u00e0 Roches sur Marne","potentialAction":[{"@type":"SearchAction","target":{"@type":"EntryPoint","urlTemplate":"https:\/\/lecoledautrefois.net\/wordpress\/?s={search_term_string}"},"query-input":{"@type":"PropertyValueSpecification","valueRequired":true,"valueName":"search_term_string"}}],"inLanguage":"fr-FR"}]}},"_links":{"self":[{"href":"https:\/\/lecoledautrefois.net\/wordpress\/wp-json\/wp\/v2\/pages\/280","targetHints":{"allow":["GET"]}}],"collection":[{"href":"https:\/\/lecoledautrefois.net\/wordpress\/wp-json\/wp\/v2\/pages"}],"about":[{"href":"https:\/\/lecoledautrefois.net\/wordpress\/wp-json\/wp\/v2\/types\/page"}],"author":[{"embeddable":true,"href":"https:\/\/lecoledautrefois.net\/wordpress\/wp-json\/wp\/v2\/users\/1"}],"replies":[{"embeddable":true,"href":"https:\/\/lecoledautrefois.net\/wordpress\/wp-json\/wp\/v2\/comments?post=280"}],"version-history":[{"count":21,"href":"https:\/\/lecoledautrefois.net\/wordpress\/wp-json\/wp\/v2\/pages\/280\/revisions"}],"predecessor-version":[{"id":508,"href":"https:\/\/lecoledautrefois.net\/wordpress\/wp-json\/wp\/v2\/pages\/280\/revisions\/508"}],"wp:attachment":[{"href":"https:\/\/lecoledautrefois.net\/wordpress\/wp-json\/wp\/v2\/media?parent=280"}],"curies":[{"name":"wp","href":"https:\/\/api.w.org\/{rel}","templated":true}]}}

Dates d&rsquo;ouverture du musée pour 2026

<p class="has-text-align-center wp-block-paragraph"></p>



<p class="has-text-align-center has-large-font-size wp-block-paragraph"><strong>3 Mai 2026</strong></p>



<p class="has-text-align-center has-large-font-size wp-block-paragraph"><strong>7 Juin 2026</strong></p>



<p class="has-text-align-center has-large-font-size wp-block-paragraph"><strong>5 et 19 Juillet 2026</strong></p>



<p class="has-text-align-center has-large-font-size wp-block-paragraph"><strong>2 et 16 Août 2026</strong></p>



<p class="has-text-align-center has-large-font-size wp-block-paragraph"><strong>6 Septembre 2026</strong></p>



<p class="has-text-align-center has-large-font-size wp-block-paragraph"><strong>4 Octobre 2026</strong></p>

<p>3 Mai 2026 7 Juin 2026 5 et 19 Juillet 2026 2 et 16 Août 2026 6 Septembre 2026 4 Octobre 2026</p>

<!-- This site is optimized with the Yoast SEO plugin v27.5 - https://yoast.com/product/yoast-seo-wordpress/ -->
<title>Dates d&#039;ouverture du musée pour 2026 - L&#039;école d&#039;autrefois</title>
<meta name="robots" content="index, follow, max-snippet:-1, max-image-preview:large, max-video-preview:-1" />
<link rel="canonical" href="https://lecoledautrefois.net/wordpress/dates-douverture-du-musee-pour-2022/" />
<meta property="og:locale" content="fr_FR" />
<meta property="og:type" content="article" />
<meta property="og:title" content="Dates d&#039;ouverture du musée pour 2026 - L&#039;école d&#039;autrefois" />
<meta property="og:description" content="3 Mai 2026 7 Juin 2026 5 et 19 Juillet 2026 2 et 16 Août 2026 6 Septembre 2026 4 Octobre 2026" />
<meta property="og:url" content="https://lecoledautrefois.net/wordpress/dates-douverture-du-musee-pour-2022/" />
<meta property="og:site_name" content="L&#039;école d&#039;autrefois" />
<meta property="article:modified_time" content="2026-01-15T14:33:53+00:00" />
<meta name="twitter:card" content="summary_large_image" />
<meta name="twitter:label1" content="Durée de lecture estimée" />
	<meta name="twitter:data1" content="1 minute" />
<script type="application/ld+json" class="yoast-schema-graph">{"@context":"https:\/\/schema.org","@graph":[{"@type":"WebPage","@id":"https:\/\/lecoledautrefois.net\/wordpress\/dates-douverture-du-musee-pour-2022\/","url":"https:\/\/lecoledautrefois.net\/wordpress\/dates-douverture-du-musee-pour-2022\/","name":"Dates d'ouverture du musée pour 2026 - L&#039;école d&#039;autrefois","isPartOf":{"@id":"https:\/\/lecoledautrefois.net\/wordpress\/#website"},"datePublished":"2021-12-12T21:49:49+00:00","dateModified":"2026-01-15T14:33:53+00:00","breadcrumb":{"@id":"https:\/\/lecoledautrefois.net\/wordpress\/dates-douverture-du-musee-pour-2022\/#breadcrumb"},"inLanguage":"fr-FR","potentialAction":[{"@type":"ReadAction","target":["https:\/\/lecoledautrefois.net\/wordpress\/dates-douverture-du-musee-pour-2022\/"]}]},{"@type":"BreadcrumbList","@id":"https:\/\/lecoledautrefois.net\/wordpress\/dates-douverture-du-musee-pour-2022\/#breadcrumb","itemListElement":[{"@type":"ListItem","position":1,"name":"Accueil","item":"https:\/\/lecoledautrefois.net\/wordpress\/"},{"@type":"ListItem","position":2,"name":"Dates d&rsquo;ouverture du musée pour 2026"}]},{"@type":"WebSite","@id":"https:\/\/lecoledautrefois.net\/wordpress\/#website","url":"https:\/\/lecoledautrefois.net\/wordpress\/","name":"L&#039;école d&#039;autrefois","description":"Site du musée de L&#039;Ecole d&#039;Autrefois à Roches sur Marne","potentialAction":[{"@type":"SearchAction","target":{"@type":"EntryPoint","urlTemplate":"https:\/\/lecoledautrefois.net\/wordpress\/?s={search_term_string}"},"query-input":{"@type":"PropertyValueSpecification","valueRequired":true,"valueName":"search_term_string"}}],"inLanguage":"fr-FR"}]}</script>
<!-- / Yoast SEO plugin. -->

Dates d'ouverture du musée pour 2026 - L&#039;école d&#039;autrefois

3 Mai 2026 7 Juin 2026 5 et 19 Juillet 2026 2 et 16 Août 2026 6 Septembre 2026 4 Octobre 2026

L&#039;école d&#039;autrefois

Site du musée de L&#039;Ecole d&#039;Autrefois à Roches sur Marne
